e
Is 39748261 a multiple of 90?
False
Does 223 divide 164927455?
True
Is 117682838 a multiple of 91?
True
Is 189 a factor of 232317362?
False
Is 394 a factor of 118844720?
False
Does 103 divide 28883384?
False
Is 642 a factor of 165225120?
True
Is 12 a factor of 179362896?
True
Is 151588377 a multiple of 207?
True
Does 708 divide 75174732?
True
Is 10186873 a multiple of 469?
False
Is 1425 a factor of 46423650?
True
Is 98 a factor of 81489156?
True
Does 14 divide 4364227767?
False
Is 97 a factor of 5283784?
True
Is 299641392 a multiple of 24?
True
Is 18267768 a multiple of 120?
False
Is 682851840 a multiple of 40?
True
Does 492 divide 132156120?
True
Is 140480015 a multiple of 95?
True
Does 1224 divide 227910362?
False
Does 145 divide 1473937769?
False
Is 7156 a factor of 646277939?
False
Is 973 a factor of 10940803?
False
Is 1396 a factor of 928908172?
True
Is 21196467 a multiple of 39?
False
Is 15 a factor of 75619605?
True
Is 6 a factor of 188876952?
True
Does 30 divide 452954790?
True
Does 15 divide 1696518651?
False
Is 96 a factor of 82327660?
False
Is 73433963 a multiple of 303?
False
Is 41032241 a multiple of 33?
False
Is 37102059 a multiple of 442?
False
Is 290588577 a multiple of 1490?
False
Is 205336460 a multiple of 245?
True
Does 484 divide 15300288?
False
Is 2231 a factor of 494150883?
True
Is 1380 a factor of 71201100?
True
Is 5806962 a multiple of 102?
True
Does 551 divide 233098897?
True
Is 9598580 a multiple of 596?
True
Does 70 divide 26629979?
False
Is 36 a factor of 5497290?
False
Is 395 a factor of 56722359?
False
Does 230 divide 15871840?
True
Is 1439 a factor of 10664429?
True
Is 3258 a factor of 164962314?
True
Does 2143 divide 33632242?
True
Is 8225824 a multiple of 139?
False
Is 2820 a factor of 2367498188?
False
Is 7 a factor of 11072838?
True
Does 1439 divide 143458227?
True
Is 1201 a factor of 13865545?
True
Is 41240667 a multiple of 43?
False
Is 35 a factor of 1710544395?
True
Does 1934 divide 36941991?
False
Is 65249910 a multiple of 255?
True
Is 360 a factor of 39982422?
False
Does 3324 divide 411464326?
False
Is 1328290 a multiple of 3?
False
Is 217197892 a multiple of 266?
False
Is 102 a factor of 115372608?
True
Is 430 a factor of 176337762?
False
Is 427 a factor of 13833844?
False
Does 166 divide 108919862?
False
Is 3472889351 a multiple of 10?
False
Is 63735952 a multiple of 14?
True
Is 5407552 a multiple of 64?
True
Does 35 divide 436705697?
False
Is 72 a factor of 117576?
True
Does 28 divide 11364304?
True
Is 30 a factor of 95083095?
False
Is 6 a factor of 26696868?
True
Is 1596162412 a multiple of 3028?
False
Is 346767683 a multiple of 17?
True
Does 3 divide 85567075?
False
Is 228669375 a multiple of 1875?
True
Is 3220 a factor of 252147379?
False
Is 27 a factor of 28057605?
False
Does 4314 divide 1579189165?
False
Is 855505575 a multiple of 25?
True
Is 71632253 a multiple of 11?
True
Is 2 a factor of 43741385?
False
Is 962202604 a multiple of 22?
True
Does 5586 divide 1774890054?
True
Does 371 divide 740590543?
False
Does 8082 divide 1262311416?
True
Is 2066 a factor of 2799430?
True
Is 109707166 a multiple of 114?
False
Is 16 a factor of 44222675?
False
Is 66 a factor of 16045861?
False
Is 135395532 a multiple of 188?
True
Is 39 a factor of 42390387?
True
Does 35 divide 187027468?
False
Does 38 divide 359931554?
True
Does 361 divide 28429458?
False
Is 33432650 a multiple of 59?
False
Is 1357967214 a multiple of 8872?
False
Is 30011095 a multiple of 13?
False
Is 1845496674 a multiple of 60?
False
Is 1078 a factor of 1234775299?
False
Is 7108 a factor of 445422820?
True
Is 55 a factor of 6870820?
True
Is 47 a factor of 1228476512?
False
Is 73417540 a multiple of 35?
True
Is 353420270 a multiple of 274?
True
Is 2163 a factor of 31616360?
False
Is 163 a factor of 25790023?
True
Does 922 divide 254411141?
False
Is 82 a factor of 12890283?
False
Is 1208359450 a multiple of 10?
True
Does 693 divide 9906823?
False
Does 179 divide 93522063?
False
Is 158605776 a multiple of 1134?
True
Is 1116576024 a multiple of 19?
False
Is 1022229859 a multiple of 269?
True
Does 6 divide 576133144?
False
Does 1873 divide 1049260303?
False
Does 237 divide 514999220?
False
Does 299 divide 300770228?
False
Is 149 a factor of 542208467?
True
Does 148 divide 487275052?
True
Is 347459905 a multiple of 65?
True
Is 306 a factor of 62279568?
True
Does 593 divide 24926162?
True
Is 125 a factor of 337595250?
True
Is 128 a factor of 55058161?
False
Is 1045241575 a multiple of 14?
False
Does 1207 divide 11958277?
False
Is 45482981 a multiple of 41?
True
Is 644333967 a multiple of 560?
False
Does 7 divide 39751502?
True
Is 9 a factor of 38469019?
False
Is 174061322 a multiple of 702?
False
Is 24232743 a multiple of 191?
True
Is 565 a factor of 12078040?
False
Is 5 a factor of 94419484?
False
Is 152372874 a multiple of 186?
True
Is 6 a factor of 101886678?
True
Is 50249401 a multiple of 82?
False
Is 64270692 a multiple of 228?
True
Does 379 divide 29724318?
False
Is 162079384 a multiple of 3860?
False
Does 4551 divide 149231270?
False
Is 16555524 even?
True
Is 69202560 a multiple of 608?
True
Is 4666008560 a multiple of 20?
True
Is 4604502 a multiple of 518?
True
Does 7 divide 259611036?
False
Does 890 divide 153751950?
True
Is 6783 a factor of 11971435?
False
Does 102 divide 57126324?
True
Is 74 a factor of 539133660?
True
Is 28650243 a multiple of 1635?
False
Is 219380626 a multiple of 342?
False
Is 746720952 a multiple of 3132?
False
Is 22 a factor of 14146913?
False
Does 122 divide 3817716476?
True
Is 463875 a multiple of 244?
False
Is 95918962 a multiple of 674?
True
Is 6 a factor of 16071324?
True
Is 471367218 a multiple of 1038?
True
Is 763 a factor of 1770058521?
True
Is 82 a factor of 13172951?
False
Is 102 a factor of 23180118?
False
Does 202 divide 1797810556?
False
Does 9995 divide 738950340?
True
Does 10 divide 419016?
False
Is 6975750 a multiple of 30?
True
Is 29066277 a multiple of 15?
False
Is 513 a factor of 174503106?
True
Does 65 divide 36706931?
False
Is 70 a factor of 18934440?
True
Does 6 divide 17321707?
False
Does 107 divide 3849733277?
False
Is 25 a factor of 316426493?
False
Is 890 a factor of 5537580?
True
Is 14 a factor of 1620832654?
True
Is 12 a factor of 22975175?
False
Does 113 divide 17788686?
True
Is 2969 a factor of 164999206?
True
Does 435 divide 17051287?
False
Does 7514 divide 211591392?
False
Is 47 a factor of 848973878?
True
Is 213658251 a multiple of 132?
False
Is 546 a factor of 151439473?
False
Is 12 a factor of 46055435?
False
Is 1040842286 a multiple of 2354?
True
Does 70 divide 845670?
True
Is 99 a factor of 768152?
False
Is 106 a factor of 5854910?
True
Is 1548578264 a multiple of 370?
False
Does 196 divide 47275291?
False
Is 501 a factor of 195897982?
False
Is 337960622 a multiple of 59?
False
Is 30 a factor of 64747110?
True
Does 11 divide 45056893?
False
Does 1935 divide 1172772683?
False
Is 587411451 a multiple of 10?
False
Does 21 divide 34818020?
False
Is 4 a factor of 20843085?
False
Is 6 a factor of 4842272?
False
Is 923050346 a multiple of 39?
False
Is 167 a factor of 620499952?
False
Is 4539090 a multiple of 152?
False
Is 202 a factor of 442901589?
False
Is 22651734 a multiple of 3013?
True
Is 42740684 a multiple of 694?
True
Is 1168 a factor of 31629440?
True
Does 1479 divide 712923849?
True
Is 13133728 a multiple of 1873?
False
Does 46 divide 8059611?
False
Is 165198588 a multiple of 102?
True
Does 130 divide 2129543706?
False
Is 4 a factor of 113976440?
True
Is 182 a factor of 9934029?
False
Is 2055 a factor of 81622653?
False
Does 13 divide 4904406?
True
Does 3283 divide 691931646?
True
Is 20033751 a multiple of 526?
False
Does 7442 divide 202048041?
False
Is 24 a factor of 40009693?
False
Is 181549827 a multiple of 7?
False
Does 49 divide 4131876?
True
Does 1654 divide 35604004?
True
Does 50 divide 25264851?
False
Does 1970 divide 111419948?
False
Does 8 divide 89623952?
True
Does 384 divide 4796382720?
True
Is 90 a factor of 1115889660?
True
Does 25 divide 624140077?
False
Is 8 a factor of 580143492?
False
Is 27 a factor of 17287792?
False
Is 24124833 a multiple of 32?
False
Does 572 divide 464998248?
True
Is 68530200 a multiple of 120?
True
Is 10 a factor of 162857240?
True
